n base 2, what is -100001011 - 101?
-100010000
In base 3, what is 1 + -210?
-202
In base 5, what is 11 - 101?
-40
In base 2, what is -11 - 110001010?
-110001101
In base 16, what is -2 + 1ac7?
1ac5
In base 6, what is 2242 - 0?
2242
In base 7, what is 2 - 33?
-31
In base 9, what is -207 - -18?
-178
In base 6, what is 2 + 1551?
1553
In base 4, what is 131 + 1?
132
In base 11, what is -6a9 - 13?
-711
In base 11, what is 7 + 7?
13
In base 9, what is 2 + -153?
-151
In base 7, what is -5 + -2053?
-2061
In base 15, what is -e + 0?
-e
In base 16, what is ff + d?
10c
In base 16, what is 0 - 25?
-25
In base 13, what is 2 - -78?
7a
In base 6, what is 4 + -31?
-23
In base 8, what is -2440 + -2?
-2442
In base 6, what is -31 - -2?
-25
In base 10, what is 0 - -708?
708
In base 11, what is 5 - 12?
-8
In base 13, what is -1 - 39?
-3a
In base 11, what is -19 + 22?
4
In base 14, what is 3 + 69?
6c
In base 5, what is 301 + -1433?
-1132
In base 15, what is 2a - 5?
25
In base 3, what is 221200 + 2?
221202
In base 16, what is -e + -cb?
-d9
In base 6, what is -21525 - -3?
-21522
In base 10, what is 33 + -3?
30
In base 11, what is 4 + -809?
-805
In base 9, what is 5 + -36?
-31
In base 2, what is 1101 + 111110?
1001011
In base 10, what is 1 + 59?
60
In base 4, what is 10310 + 11?
10321
In base 7, what is 1 - 66?
-65
In base 11, what is -1 - -1038?
1037
In base 6, what is 4 + -44?
-40
In base 12, what is 184 + 2?
186
In base 9, what is 21 - 613?
-582
In base 13, what is 77 - 2?
75
In base 6, what is -10 - 42?
-52
In base 13, what is 86 + -2?
84
In base 3, what is -12 + 101211?
101122
In base 2, what is -10 + 100101111010?
100101111000
In base 12, what is 3 - 175?
-172
In base 4, what is -12203 + -2?
-12211
In base 8, what is 273 - -32?
325
In base 13, what is 45b + -5?
456
In base 12, what is -2 + 82?
80
In base 15, what is 2 + b0?
b2
In base 15, what is 0 + 2a?
2a
In base 9, what is 1352 + 2?
1354
In base 12, what is -3 + -3a?
-41
In base 5, what is -3241 - 3?
-3244
In base 12, what is -130 - -3?
-129
In base 10, what is -2 + -1566?
-1568
In base 15, what is 0 - 40d?
-40d
In base 14, what is -3 + d?
a
In base 9, what is -7506 - 2?
-7508
In base 6, what is -11 - -14?
3
In base 6, what is -25143 + -3?
-25150
In base 2, what is 10010100 + 1?
10010101
In base 8, what is -142 - -2?
-140
In base 7, what is 5 + -23116?
-23111
In base 15, what is -53 - 5?
-58
In base 9, what is 0 + 528?
528
In base 6, what is 0 + -114?
-114
In base 2, what is -11 + 10100011?
10100000
In base 14, what is a2 - -5?
a7
In base 16, what is 3 + -1e0?
-1dd
In base 15, what is 1 + -11e?
-11d
In base 7, what is 0 + -305?
-305
In base 15, what is 1 + -5d?
-5c
In base 9, what is -1 - 230?
-231
In base 8, what is 4774 - 3?
4771
In base 10, what is -4 + 178?
174
In base 6, what is -15 + 10?
-5
In base 10, what is -146 + 4?
-142
In base 4, what is 101230 + -2?
101222
In base 14, what is 34 + a?
40
In base 6, what is 12230 + -3?
12223
In base 9, what is -17 - 4?
-22
In base 14, what is 4 + 1a?
20
In base 4, what is -330 + 10?
-320
In base 16, what is -10 + -1?
-11
In base 8, what is 5 - 666?
-661
In base 6, what is 1224 - -2?
1230
In base 8, what is 27 - -14?
43
In base 6, what is -1 - -455?
454
In base 3, what is 12 - -200020?
200102
In base 15, what is -74 + c?
-67
In base 13, what is -1c + 17?
-5
In base 16, what is 22 - 6?
1c
In base 10, what is 116 + 26?
142
In base 4, what is -112231 + 20?
-112211
In base 10, what is 37 - -3?
40
In base 7, what is -40 + -332?
-402
In base 16, what is -6 - 30?
-36
In base 2, what is 1010011111 + 10?
1010100001
In base 5, what is 2 - -3030?
3032
In base 12, what is 727 - 3?
724
In base 9, what is -5 + 113?
107
In base 11, what is -3 + -170?
-173
In base 6, what is 11 - -32?
43
In base 16, what is e - 2c?
-1e
In base 4, what is 200 + 21?
221
In base 8, what is -62 - 31?
-113
In base 15, what is -60c - 3?
-610
In base 13, what is -1 + -16?
-17
In base 4, what is 30 - -12?
102
In base 10, what is -8 - 124?
-132
In base 7, what is -40 - -6?
-31
In base 10, what is 61 + -3?
58
In base 10, what is -20 - 23?
-43
In base 12, what is b7 + 17?
112
In base 6, what is -1 - -124?
123
In base 3, what is 10 + 2021?
2101
In base 14, what is -5 - 1a2?
-1a7
In base 5, what is 31341 + -3?
31333
In base 15, what is 9c + 3?
a0
In base 12, what is -994 + 4?
-990
In base 15, what is -3 + -42?
-45
In base 16, what is -1 + d64?
d63
In base 4, what is 20 + 20?
100
In base 8, what is -56 - -4?
-52
In base 11, what is -5 - 27?
-31
In base 8, what is -2 - 224?
-226
In base 9, what is 5 + -6?
-1
In base 16, what is 100 - -4?
104
In base 14, what is -19d6 + -1?
-19d7
In base 3, what is -1221 - 2212?
-11210
In base 9, what is -360 - 2?
-362
In base 8, what is 15 + 76?
113
In base 9, what is 241 + 24?
265
In base 5, what is -102 + 32?
-20
In base 4, what is 13 + -230?
-211
In base 15, what is 15 - 10?
5
In base 4, what is 22 - -213?
301
In base 11, what is 9957 + -2?
9955
In base 6, what is 2 - -545?
551
In base 7, what is -21 + -32?
-53
In base 5, what is 12 + -233?
-221
In base 8, what is 10737 + 3?
10742
In base 6, what is -15 + 240?
221
In base 13, what is 4 - -31?
35
In base 10, what is -2 - 751?
-753
In base 13, what is -312 - -1?
-311
In base 7, what is -653 + -20?
-1003
In base 15, what is 149 + -1?
148
In base 15, what is -2e + -21?
-50
In base 5, what is 10 - 1212?
-1202
In base 7, what is 1360 - 4?
1353
In base 12, what is 3 + 8?
b
In base 7, what is -114 + 1?
-113
In base 6, what is -1054 + 34?
-1020
In base 14, what is -18 + da?
c2
In base 3, what is -2 - -11?
2
In base 9, what is 5 + -5720?
-5714
In base 8, what is 10 - -7?
17
In base 3, what is 211 + 10?
221
In base 16, what is -6 - -a7?
a1
In base 15, what is 4 + -813?
-80e
In base 6, what is 143 - -4?
151
In base 10, what is 191 + -4?
187
In base 16, what is -142 + 13?
-12f
In base 2, what is 1000001 - 1000010?
-1
In base 10, what is 841 + -2?
839
In base 10, what is -1332 - 10?
-1342
In base 11, what is 183 - 1?
182
In base 10, what is -394 + -1?
-395
In base 5, what is 2 + 3344?
3401
In base 12, what is -4 - -2107?
2103
In base 2, what is -100101110 + 100?
-100101010
In base 4, what is 1131203 - 11?
1131132
In base 4, what is 11303 - -10?
11313
In base 13, what is -a + -1c?
-29
In base 15, what is c - 3c?
-30
In base 16, what is -2f9b + -3?
-2f9e
In base 12, what is -5 - -1109?
1104
In base 10, what is 38 - -2?
40
In base 12, what is -261 - -4?
-259
In base 3, what is -11 - -10101111?
10101100
In base 12, what is 5 + 1b07?
1b10
In base 13, what is 17a - -4?
181
In base 7, what is 0 - -1312?
1312
In base 4, what is 133202 + -11?
133131
In base 2, what is 10000011000 + -10?
10000010110
In base 7, what is 55455 + -4?
55451
In base 2, what is 1000 + 10001?
11001
In base 12, what is -19 + -8?
-25
In base 8, what is -44 - 55?
-121
In base 4, what is 10002300 - -3?
10002303
In base 4, what is 1 - -232202?
232203
In base 7, what is -33 + 11?
-22
In base 13, what is 1360 + -4?
1359
In base 12, what is 5 + -3?
2
In base 10, what is -196 + 1?
-195
In base 11, what is 125 - -5?
12a
In base 12, what is 2 + 22?
24
In base 11, what is -22 + 11?
-11
In base 13, what is -5b - -7?
-54
In base 13, what is 4 + 36?
3a
In base 16, what is 0 - -8?
8
In base 11, what is -9 + 408?
3aa
In base 15, what is -4 - ec6?
-eca
In base 15, what is 2e0 + -2?
2dd
In base 8, what is -614 + -2?
-616
In base 13, what is -3 - -43?
40
In base 6, what is 113035 + -4?
113031
In base 8, what is 3544 - -3?
3547
In base 5, what is 1242 + -3?
1234
In base 2, what is -101 + 110101?
110000
In base 16, what is 4 - -23?
27
In base 7, what is 1215 - 100?
1115
In base 15, what is 1 + -62?
-61
In base 8, what is 426 - 10?
416
In base 16, what is -5 + -5b?
-60
In base 15, what is -4 - 126d?
-1272
In base 2, what is -111011 + 10?
-111001
In base 6, what is -3201 + -4?
-3205
In base 7, what is 0 - -14016?
14016
In base 4, what is -2 + 2212?
2210
In base 10, what is 4 + -23?
-19
In base 4, what is -2 - 223?
-231
In base 16, what is -8 - -4b8?
4b0
In base 2, what is 11010111011 - 100?
11010110111
In base 10, what is -583 + -3?
-586
In base 6, what is 2043 + -2?
2041
In base 7, what is -4542 - -5?
-4534
In base 8, what is -7 + -44?
-53
In base 2, what is -101100 - 10000?
-111100
In base 15